s divided by 305?
3
Calculate the remainder when 571 is divided by 146.
133
What is the remainder when 272 is divided by 69?
65
Calculate the remainder when 1071 is divided by 16.
15
What is the remainder when 5726 is divided by 23?
22
Calculate the remainder when 308 is divided by 41.
21
What is the remainder when 55 is divided by 24?
7
What is the remainder when 32 is divided by 25?
7
What is the remainder when 10499 is divided by 30?
29
Calculate the remainder when 2146 is divided by 114.
94
Calculate the remainder when 883 is divided by 59.
57
What is the remainder when 473 is divided by 97?
85
What is the remainder when 446 is divided by 76?
66
What is the remainder when 1833 is divided by 184?
177
What is the remainder when 2471 is divided by 24?
23
What is the remainder when 60 is divided by 14?
4
Calculate the remainder when 1484 is divided by 27.
26
Calculate the remainder when 1659 is divided by 57.
6
What is the remainder when 79 is divided by 16?
15
What is the remainder when 1227 is divided by 82?
79
Calculate the remainder when 242 is divided by 49.
46
What is the remainder when 679 is divided by 135?
4
What is the remainder when 179 is divided by 87?
5
What is the remainder when 148 is divided by 109?
39
What is the remainder when 211 is divided by 56?
43
What is the remainder when 1038 is divided by 95?
88
What is the remainder when 354 is divided by 91?
81
What is the remainder when 559 is divided by 112?
111
Calculate the remainder when 942 is divided by 18.
6
Calculate the remainder when 2305 is divided by 576.
1
Calculate the remainder when 89 is divided by 13.
11
What is the remainder when 3063 is divided by 14?
11
What is the remainder when 67 is divided by 25?
17
Calculate the remainder when 87 is divided by 40.
7
What is the remainder when 9940 is divided by 113?
109
What is the remainder when 58 is divided by 21?
16
Calculate the remainder when 65 is divided by 11.
10
Calculate the remainder when 494 is divided by 55.
54
What is the remainder when 327 is divided by 7?
5
What is the remainder when 609 is divided by 36?
33
What is the remainder when 1777 is divided by 51?
43
What is the remainder when 156 is divided by 54?
48
What is the remainder when 750 is divided by 8?
6
What is the remainder when 57 is divided by 6?
3
What is the remainder when 87 is divided by 11?
10
Calculate the remainder when 346 is divided by 39.
34
Calculate the remainder when 45485 is divided by 114.
113
What is the remainder when 5343 is divided by 5?
3
What is the remainder when 340 is divided by 114?
112
Calculate the remainder when 2062 is divided by 90.
82
Calculate the remainder when 32 is divided by 8.
0
What is the remainder when 134 is divided by 119?
15
What is the remainder when 75 is divided by 61?
14
What is the remainder when 678 is divided by 62?
58
Calculate the remainder when 342 is divided by 82.
14
Calculate the remainder when 415 is divided by 105.
100
Calculate the remainder when 34 is divided by 20.
14
Calculate the remainder when 5089 is divided by 38.
35
Calculate the remainder when 1505 is divided by 154.
119
Calculate the remainder when 365 is divided by 182.
1
Calculate the remainder when 340 is divided by 69.
64
What is the remainder when 267 is divided by 23?
14
What is the remainder when 106 is divided by 54?
52
What is the remainder when 148 is divided by 51?
46
Calculate the remainder when 676 is divided by 97.
94
What is the remainder when 1792 is divided by 307?
257
What is the remainder when 3233 is divided by 49?
48
What is the remainder when 2443 is divided by 117?
103
What is the remainder when 9 is divided by 3?
0
Calculate the remainder when 296 is divided by 30.
26
What is the remainder when 1007 is divided by 63?
62
Calculate the remainder when 889 is divided by 45.
34
Calculate the remainder when 752 is divided by 57.
11
What is the remainder when 2185 is divided by 16?
9
Calculate the remainder when 7357 is divided by 32.
29
Calculate the remainder when 404 is divided by 93.
32
Calculate the remainder when 275 is divided by 56.
51
Calculate the remainder when 4171 is divided by 29.
24
Calculate the remainder when 518 is divided by 21.
14
What is the remainder when 47 is divided by 27?
20
Calculate the remainder when 227 is divided by 7.
3
What is the remainder when 140 is divided by 33?
8
Calculate the remainder when 219 is divided by 143.
76
Calculate the remainder when 118 is divided by 8.
6
Calculate the remainder when 1657 is divided by 823.
11
Calculate the remainder when 1124 is divided by 101.
13
Calculate the remainder when 12 is divided by 8.
4
Calculate the remainder when 1938 is divided by 7.
6
Calculate the remainder when 417 is divided by 55.
32
Calculate the remainder when 17168 is divided by 162.
158
Calculate the remainder when 257 is divided by 114.
29
What is the remainder when 577 is divided by 95?
7
What is the remainder when 1308 is divided by 11?
10
What is the remainder when 7922 is divided by 139?
138
What is the remainder when 630 is divided by 281?
68
What is the remainder when 149 is divided by 76?
73
Calculate the remainder when 7447 is divided by 36.
31
What is the remainder when 304 is divided by 62?
56
Calculate the remainder when 1746 is divided by 14.
10
What is the remainder when 187 is divided by 27?
25
Calculate the remainder when 3673 is divided by 1222.
7
Calculate the remainder when 3118 is divided by 71.
65
Calculate the remainder when 106 is divided by 19.
11
Calculate the remainder when 255 is divided by 37.
33
Calculate the remainder when 131 is divided by 25.
6
Calculate the remainder when 16047 is divided by 136.
135
Calculate the remainder when 1459 is divided by 24.
19
What is the remainder when 326 is divided by 156?
14
What is the remainder when 2693 is divided by 2?
1
What is the remainder when 402 is divided by 83?
70
What is the remainder when 4982 is divided by 11?
10
What is the remainder when 6323 is divided by 37?
33
Calculate the remainder when 39 is divided by 11.
6
What is the remainder when 6854 is divided by 456?
14
What is the remainder when 535 is divided by 524?
11
What is the remainder when 196 is divided by 35?
21
What is the remainder when 4154 is divided by 42?
38
Calculate the remainder when 96 is divided by 36.
24
Calculate the remainder when 51 is divided by 30.
21
Calculate the remainder when 1483 is divided by 33.
31
Calculate the remainder when 479 is divided by 48.
47
Calculate the remainder when 207 is divided by 19.
17
What is the remainder when 647 is divided by 24?
23
What is the remainder when 178 is divided by 73?
32
What is the remainder when 332 is divided by 25?
7
Calculate the remainder when 1833 is divided by 593.
54
What is the remainder when 3126 is divided by 313?
309
Calculate the remainder when 15226 is divided by 17.
11
What is the remainder when 90 is divided by 37?
16
Calculate the remainder when 898 is divided by 27.
7
What is the remainder when 3545 is divided by 272?
9
Calculate the remainder when 407 is divided by 52.
43
Calculate the remainder when 703 is divided by 44.
43
What is the remainder when 160 is divided by 37?
12
What is the remainder when 458 is divided by 11?
7
What is the remainder when 129 is divided by 128?
1
What is the remainder when 235 is divided by 82?
71
Calculate the remainder when 2913 is divided by 36.
33
What is the remainder when 15384 is divided by 98?
96
What is the remainder when 1330 is divided by 11?
10
Calculate the remainder when 736 is divided by 6.
4
What is the remainder when 401 is divided by 387?
14
Calculate the remainder when 1453 is divided by 38.
9
What is the remainder when 547 is divided by 93?
82
Calculate the remainder when 424 is divided by 6.
4
What is the remainder when 6530 is divided by 47?
44
What is the remainder when 156 is divided by 68?
20
What is the remainder when 169 is divided by 39?
13
Calculate the remainder when 130 is divided by 76.
54
Calculate the remainder when 483 is divided by 107.
55
What is the remainder when 473 is divided by 12?
5
What is the remainder when 65 is divided by 6?
5
Calculate the remainder when 12 is divided by 10.
2
What is the remainder when 216 is divided by 74?
68
What is the remainder when 652 is divided by